 h. What is the tens digit of f?
1
Let l be (-2 - 4)*((-6)/(-3))/(-2). Suppose l*q - 686 = -q. What is the tens digit of q?
9
Let q(j) = 64*j + 481. What is the units digit of q(-7)?
3
Suppose n + n + 34 = s, -5*n + 20 = 0. Suppose 0 = 2*q - 138 - s. What is the units digit of q?
0
Let o be 12*(9/12)/3. Suppose -o*c = 2*c - 70. What is the units digit of c?
4
Let u(x) = -x + 10. Let g(i) = 2*i - 21. Let w(f) = 2*g(f) + 5*u(f). Let s be w(6). Suppose -2*d + 64 = s*d. What is the units digit of d?
6
Let t = -69 + 101. Suppose 4*b - 72 = -4*k, b - 2*b = -3*k + 2. Let z = t - b. What is the tens digit of z?
1
What is the tens digit of (-5)/30*-18305 - 3/(-18)?
5
Let m be 2 - (1 + 2 + -7 - 3). Suppose 21*z - 3456 = m*z. What is the units digit of z?
8
Suppose 7*q + 87 = 241. Let f(g) = g**2 - 15*g + 4. Let d be f(15). Suppose -y + k = -0*y - q, -d*k = -y + 25. What is the units digit of y?
1
Let b = -152 + 145. Let m(v) = -v**3 - v**2 + v - 9. What is the tens digit of m(b)?
7
Let c = -33 + 17. Suppose 3*k - 4*p + 13 = 0, 2*k - p - p = -12. Let y = k - c. What is the units digit of y?
5
Suppose o + 0*o = 2*t - 16, o = -5*t + 40. Let a be (-3)/(-6)*(-7 + -43). What is the tens digit of (-24)/t - (0 + a)?
2
Let c be (2 - -2)*-2 - -2. Suppose -1273 = 9*a - 31. What is the units digit of (a/(-9))/((-4)/c)?
3
Suppose -4*l = -3*l - 428. What is the units digit of l?
8
Let n = -42 + 47. Suppose -169 = n*h - 4*p - 1103, h + 5*p = 181. What is the hundreds digit of h?
1
Let q be 6 - 6/3*1. Suppose 2*m - 22 = 2*i + i, m = q*i + 21. What is the units digit of 1 + 6 - (-15)/m?
0
Suppose -141 = -3*i - 156. Let l(y) = -3*y**3 - 4*y**2 + 4*y + 2*y**3 + 0*y**3. What is the units digit of l(i)?
5
Let j(n) = 3*n**3 - 2*n**2 - 4*n + 11. Let y be j(4). Suppose x = -0*x + y. What is the tens digit of x?
5
Suppose z - 5 = 1. Suppose -304 - 26 = -z*l. What is the units digit of l?
5
Let v(a) = -a**3 + 10*a**2 + 10*a + 16. Let d be v(11). Suppose -t + 30 = 3*t - p, 0 = t - p - 9. Suppose d*y - 103 = t. What is the units digit of y?
2
Let l = -82 + 83. What is the tens digit of (4 - l) + (-171 - 3)*-1?
7
Suppose 4*z - 20 = 0, 0 = -0*h + 3*h + 4*z + 67. Let o(p) = 14*p**2 + 4*p + 5. Let b be o(-2). Let v = b + h. What is the units digit of v?
4
Suppose -2*w - 3*p + 11 = -8*p, -4*w + 36 = 4*p. Suppose -7*k = -5*k - w. Suppose k*y - 66 = 4*d + 114, d = -2*y + 75. What is the tens digit of y?
4
Let f be (3/2)/((-3)/(-6)). Suppose 4*o - 62 = f*o. What is the tens digit of o?
6
Let i(m) = -m**2 + 5*m + 5. Let c be i(6). Let w(f) = -59*f**2 - 15*f + 14*f - 20*f**3 + 57*f**2. What is the tens digit of w(c)?
1
Let z be 1 - 3 - (-212)/1. Suppose 0 = c + 5*i - 66, 5*c + 0*c = 5*i + z. What is the tens digit of c?
4
Suppose -z + 2*z + 2 = 0. Let k = -87 - -46. What is the units digit of 0 + z - (k - -1)?
8
Suppose -3*t + 77 = 2*r, -5*r + 5*t - 38 = -243. Suppose 0*k - 2*k + 68 = -5*u, -5*k = 5*u + r. What is the units digit of (-3)/(3 + 45/u)?
4
Suppose -4*a + 12 = 0, -3*i + 51 + 42 = 2*a. Let m = 35 + -19. Let j = i - m. What is the units digit of j?
3
Let i(h) = h - 2. Let w be i(3). Suppose -4*s = w + 31. What is the tens digit of ((-6)/s)/(1/76)?
5
Suppose 48 = 4*v + 2*v. Suppose 5*b - 4*r = -11, 3*r = 5*b + v - 1. What is the units digit of b?
1
Suppose -3*i + 3 = 0, 3*i + i - 4 = -5*q. Suppose q = 3*n - 4*g - 22 - 19, -2*n + 35 = 5*g. Suppose -2*k + 63 - n = 2*l, -4*l = 0. What is the units digit of k?
4
Let a(v) = v**3 + 8*v**2 + 6*v - 3. Let c be a(-7). Suppose c*w = -0*w + 536. Suppose -230 = -5*z - 5*t, z - w = -2*z - 5*t. What is the tens digit of z?
4
Let b(f) = 3*f**3 - f**2 + f + 4. Let h be b(4). Suppose -q = 3*q - h. What is the tens digit of q?
4
Let p be (1 + (-124)/12)*-9. Let d = p - 150. What is the tens digit of d*(-4 + (-10)/(-3))?
4
Suppose -9*i + 4*i + 5 = 0. Let n(k) = 308*k**2 + 4*k + 1. What is the tens digit of n(i)?
1
Let j(d) = d**3 + 24*d**2 - 6*d - 19. Let z(n) = -3*n**2 - 4*n - 9. Let c be z(-3). What is the tens digit of j(c)?
2
Let r(h) = 27*h**2 + 5*h + 4. Let v be r(-4). Suppose -v + 86 = -5*x. Let f = 93 - x. What is the tens digit of f?
2
Let z(j) = 2*j**3 + 5*j**2 - 14*j + 9. What is the hundreds digit of z(10)?
3
Let a(s) = 25*s - 299. What is the thousands digit of a(74)?
1
Let u(v) = v**3 - 11*v**2 + v - 8. Let p be u(11). Suppose -p*i + i = -8. Suppose 5*n - 155 = -0*n - 3*m, -i*n = -m - 141. What is the units digit of n?
4
Suppose 3*g + 12 = 6*g. Suppose g*m - 528 = -2*m. What is the tens digit of m?
8
Let q = 160 - -449. What is the units digit of q?
9
Suppose 5*t = 2*g + 889, 5*g + 109 = t - 55. What is the tens digit of t?
7
Suppose -3*m + 5*m = -182. Let t be (-26)/m + (-262)/(-14). Suppose -4*a + 33 = -t. What is the units digit of a?
3
Let m(k) = 31 + 29*k - 15 - 27. What is the hundreds digit of m(6)?
1
Suppose x + 2*i = 3, -3*x + 10 = -2*x - 5*i. Suppose x*g = 3*p + 41, -5*p = 2*g + 2*g - 55. What is the units digit of g?
0
Let v(y) = 70*y**2 - y. Let u = -33 + 34. What is the tens digit of v(u)?
6
Let g = -82 + 167. What is the units digit of (5 - 5)/(1 - -1) + g?
5
Let i(b) = -358*b + 49. What is the units digit of i(-5)?
9
Let j be (1/(-3))/(10/90). Let c = -17 - j. Let x = c - -38. What is the units digit of x?
4
Let c(q) = -q**3 - 4*q**2 - 8*q + 2. Let h = 87 - 91. What is the units digit of c(h)?
4
Let m = 70 + -74. What is the tens digit of -4 - (-73 + (0 - m))?
6
Let d = -1186 + 1873. What is the units digit of d?
7
Suppose 38 = 4*t - 30. Let h = t - 15. Suppose -3*u = -2*i + 33, h*u = 3 - 1. What is the units digit of i?
8
Suppose 2*b + 3*s - 2397 = 0, 536 = 3*b + 3*s - 3061. What is the thousands digit of b?
1
Let f(c) be the first derivative of 5/3*c**3 + 4*c**2 - 1/4*c**4 + 5 - 3*c. What is the units digit of f(6)?
9
Let i(m) = -m**2 + 2*m + 8. Let w be i(0). Suppose 0 = 5*h - w*h + 15. What is the units digit of h?
5
Let l be ((-30)/(-4))/((-2)/(-12)). Let f be 69*(5/30)/((-2)/(-12)). Suppose -5*t + 3*j = -f, -3*j - l = -3*t - 0*j. What is the tens digit of t?
1
Suppose 0 = -5*n - 3*u + 17219, 3*n = 4*u + 314 + 10000. What is the thousands digit of n?
3
Let s(d) = 0*d**2 + d + 8 + d**3 - 2*d**2 - 4*d**2. Let x be s(6). Let y = 24 - x. What is the units digit of y?
0
Suppose 4321 = 14*j + 15*j. What is the units digit of j?
9
Suppose 2*z - 3*z = -5*y + 15184, z = -y + 3032. What is the thousands digit of y?
3
Let b(f) = 5*f + 45. Let k(t) = -2*t - 15. Let v(q) = 3*b(q) + 8*k(q). What is the units digit of v(6)?
9
Let j(p) = 2*p**2 + 3*p - 22. What is the tens digit of j(5)?
4
Suppose -2*x + 30*c = 25*c - 9819, 2*c = -4*x + 19578. What is the thousands digit of x?
4
Suppose 7156 + 9404 = 4*v. What is the tens digit of v?
4
Suppose -3*k - 6 = -2*h + 6, -5*k = 2*h + 20. Suppose h = -4*g + 2 + 10. Suppose -66 = -0*u - g*u. What is the tens digit of u?
2
Let z = 74 + -45. Let r = z + -22. What is the units digit of r?
7
Let i(r) = 5*r**2 + 10*r - 28. What is the hundreds digit of i(12)?
8
Let i = -53 - -38. What is the hundreds digit of (1206/i)/((10/(-25))/1)?
2
Let t = -64 + 54. What is the tens digit of (((-252)/t)/(-3))/((-3)/50)?
4
Suppose 0 = -b - 4, 0*b + 2*b = -4*o + 332. What is the tens digit of o?
8
Let a be 3/(0 - (27/15 + -2)). Suppose -a + 1 = -2*y. What is the units digit of y?
7
Let a(s) = 7*s**2 + 4. Let z(t) = 6*t**2 + 4. Let f(o) = -4*a(o) + 5*z(o). What is the hundreds digit of f(-9)?
1
Let s = 979 - 275. What is the units digit of s?
4
Let w = 27 - 23. Suppose 0 = -0*q + w*q - 112. What is the units digit of q?
8
Suppose -2*q + 3439 = -3*l, 8592 = 5*q + 22*l - 24*l. What is the hundreds digit of q?
7
Let c(p) be the third derivative of p**5/20 - 43*p**4/24 - 5*p**3/2 + 3*p**2 - 5. What is the tens digit of c(18)?
8
Let s = 469 + 437. What is the tens digit of s?
0
What is the tens digit of (36/(-30))/((-7)/(5565/6))?
5
Let r = -4 + 7. Suppose 0 = -5*m + 25, -5*l + 55 = -r*m + 5*m. Suppose -60 + l = -3*s. What is the units digit of s?
7
Let g = -58 - -101. Let r = g - 27. Suppose l - 16 - r = 0. What is the tens digit of l?
3
Let c be 3 + 72/(-60)*(-2300)/6. Let h = c - 305. What is the units digit of h?
8
Let t(z) = 55*z**2 - z + 1. Let l(m) = -3*m**3 - 4*m**2 - 2*m. Let p be l(-1). What is the unit